t y(g) = g + 1. Let w(j) be the second derivative of -13*j**3/3 - 9*j**2/2 - 22*j. Let s(l) = w(l) - 4*y(l). What is the hundreds digit of s(-4)?
1
Suppose 842*o - 822*o - 874280 = 0. What is the ten thousands digit of o?
4
What is the ten thousands digit of -5 + (172/12*19)/((-12)/(-720))?
1
Let n(l) = -2689*l + 499. What is the hundreds digit of n(-8)?
0
Let i(a) = -3*a**3 - a - 2. Let n be i(-5). Let f = 762 - n. What is the hundreds digit of f?
3
Suppose -2*h - 5*z + z = 14, -12 = 3*z. Let i be 684/(-45) + h/5. What is the units digit of (i - -9)*81/(-6)?
1
Let u(p) be the second derivative of -47*p**3/6 - 93*p**2/2 - 30*p. What is the thousands digit of u(-28)?
1
Let y(b) = 19*b - 193*b - 330 + 93. What is the tens digit of y(-5)?
3
Let o(l) = 3*l**3 + l**2 + l - 3. Let j be o(2). Let q(b) = -2 + 51*b**2 - j*b**2 - 14*b - 23*b**2. What is the units digit of q(15)?
3
Let g be (-14)/6 + 8/24. Let r = -9 + g. Let l = r - -45. What is the units digit of l?
4
Let d = -1752 + 10542. What is the units digit of d?
0
Suppose -24*k = -572*k + 29675844. What is the hundreds digit of k?
1
Let f(q) be the second derivative of -83*q**3/6 - 125*q**2/2 + 14*q - 4. What is the units digit of f(-3)?
4
Let i be -1*(4 - (-20)/(-4)). What is the tens digit of (255/(-60))/(i/(-176))?
4
Suppose 0 = -2*r, 15 = 5*z - 0*r - 3*r. What is the tens digit of (448/6)/2*z?
1
What is the ten thousands digit of 2081324/44 - (138/(-33) + 1 + 3)?
4
Let g = 153 + -148. Suppose 368 = 4*a + g*h, 4*a + 0*a - 3*h - 368 = 0. What is the units digit of a?
2
Let u(k) = -k**2 + 5*k + 28. Let l be u(8). Suppose 4*c - 868 = -l*t, 0 = 4*c - t - 0*t - 883. What is the tens digit of c?
2
Suppose c - 522 - 548 = 0. Let j = -523 + c. Suppose 77 = 8*h - j. What is the tens digit of h?
7
Let w(s) = -5*s + 18. Let k be w(3). Suppose -2*t - 3*t = -2*i + 221, 0 = i + k*t - 83. What is the units digit of i?
8
Let n be (-4 + 8)/((-1)/(-14)). Let d be (50 + 0)/(n/700). Suppose 3*w - 4*u - d = 0, -w - 5*u = -6*w + 1035. What is the hundreds digit of w?
2
Let j(d) = d**3 - 3*d**2 - 9*d - 2. Let b be j(4). Let f = b + -1. Let o = 51 + f. What is the tens digit of o?
2
Let p = 55 - -8. Let g(h) = 5*h - 2. Let a be g(12). Suppose -p*x + a*x + 1285 = 0. What is the tens digit of x?
5
Let i be 10*(-1)/(4/(-2 + 6)). What is the hundreds digit of (-19)/((-2658)/(-1068) + 25/i)?
6
Let p = 585 + -585. What is the tens digit of (-107 + 0)*20/(-10 + p)?
1
Let i = -27 + 1818. What is the tens digit of i - (3 + -2)*9?
8
Let m be 5*-2*(-42 - 25). What is the hundreds digit of (2 + (-11 - -3))/((-15)/m)?
2
What is the thousands digit of 1248/104 - (-26636 + 1)?
6
Suppose -59*t = 33*t - 767924. What is the hundreds digit of t?
3
Let c = 237455 - 153496. What is the tens digit of c?
5
Suppose 5*b - 9*b = -4*p + 620, b - 3*p + 161 = 0. What is the units digit of (b/10)/((-14)/35)?
8
What is the tens digit of 2*8812/16*(37 - -9)?
6
Let c(t) be the second derivative of -t**5/20 - t**3/6 + 38*t**2 - t. Let f = -6 - -6. What is the tens digit of c(f)?
7
Let c(a) be the first derivative of a**4/4 - 8*a**3/3 + 4*a**2 + 13*a - 89. What is the tens digit of c(7)?
2
What is the thousands digit of 8/(-2) - (-23 - 1137 - 21)?
1
Let u = 4823 - 4185. Suppose -w + 4 + 0 = 0. Suppose -u = -w*a - 6*t + 4*t, -3*t - 9 = 0. What is the units digit of a?
1
Let y(o) = -6*o**3 + 56*o - 2. What is the thousands digit of y(-12)?
9
Suppose 27*x - 245931 - 31305 = 0. Suppose 5*v = x - 1608. What is the hundreds digit of v?
7
Suppose -9*f + 1968 = 1599. What is the tens digit of f?
4
Let u(f) = -28246 + 16*f - 51*f - f**3 + 18*f**2 + 28225. What is the tens digit of u(15)?
2
Suppose -3488 + 3189 = -5*v + 66581. What is the thousands digit of v?
3
Let s = -37 + 52. Suppose -23*x + s*x = -16. Suppose 2*a = -3*j + x*j + 439, -4*j + 12 = 0. What is the tens digit of a?
1
Suppose 0 = -3*a - 2*b - 266, 199 = -2*a - b + 22. Let c = 1 - 49. Let y = c - a. What is the units digit of y?
0
Suppose 31*t - 32*t = 40*t - 243417. What is the hundreds digit of t?
9
Let y(n) = -n**3 + 11*n**2 - 18*n + 41. Let k be y(10). Let f = 55 + k. What is the hundreds digit of (0 + (-58)/1)*(-48)/f?
1
Let c = 46 + -57. Let n be c/(11/18)*40/(-3). Suppose 2*b = 5*i - 309, 0*i - 4*b = -4*i + n. What is the tens digit of i?
6
Suppose 20040 = 3*q + 2*y, -26*q + 21*q = -5*y - 33375. What is the hundreds digit of q?
6
Suppose 24115 = 5*l + 5*h, -15*h + 13*h = -5*l + 24087. What is the hundreds digit of l?
8
Let a(n) = 14*n**2 + 24 - 4 - 11*n**2 - 6*n**2 - 2*n. Let t be a(-10). Let z = -83 - t. What is the hundreds digit of z?
1
Suppose 70 = 85*b - 83*b. Let g = b + -34. What is the tens digit of (86 - -1 - -2)*g?
8
Let i(f) = -35*f**3 + 7*f**2 - 24*f + 24. What is the hundreds digit of i(-8)?
5
Suppose 107*f + 360993 = 2084870. What is the tens digit of f?
1
Let o = -569 + 550. Let b(q) = q**3 + 17*q**2 - 69*q - 46. What is the units digit of b(o)?
3
What is the tens digit of -169 - -169 - (-607 + 2 - -2)?
0
Suppose -4*x + 3*d = 6*d - 12, 2*x - 2*d + 8 = 0. Suppose 2*a = 4*z + 4*a - 3560, x = 2*z - 2*a - 1768. What is the tens digit of z?
8
Let r be (18 - 0/(-3))*(-192)/(-12). What is the tens digit of -6 + 5 + -4 + r/4?
6
Let l(k) = -k**3 - 3*k**2 + 3*k + 356. Suppose -5*p = -21*d + 18*d + 3, -5*p = 3*d - 3. What is the units digit of l(p)?
6
Suppose -131*l - 30869 + 250163 = 0. What is the tens digit of l?
7
Let b(y) = -y**3 - 14*y**2 + 12*y - 8. Let i be b(-15). Let p = 41 - i. Suppose p*z - z - 5*w = 93, -2*z - 4*w = -84. What is the tens digit of z?
3
Let m(q) = 10*q + 8*q**2 - 3*q**2 + 0*q**2 + 4 - 15*q. What is the hundreds digit of m(7)?
2
Let j(p) = 18*p**2 - 106*p - 9. Let i(g) = -21*g**2 + 107*g + 10. Let h(v) = -3*i(v) - 4*j(v). What is the units digit of h(6)?
0
Let i be (708/7)/2 - 24/42. Suppose 45*b + 1825 = i*b. What is the tens digit of b?
6
Suppose -8*v - 7 = 25. Let x be 5*(-3)/(15/v). Suppose -x*i + 298 + 490 = 0. What is the hundreds digit of i?
1
Let b = 22 + -18. Suppose -4*w = -3*h - 12, b*h + 9 = 3*w + 5*h. Suppose -3*v - 1 = -4*v, -w*s = -v - 239. What is the tens digit of s?
8
Let m = -41502 - -71964. What is the ten thousands digit of m?
3
Let t be 2/(-11) - (-1 - 361/(-11)). What is the tens digit of (0 + t)/((-2)/18)?
8
Let d = -10393 + 28576. What is the units digit of d?
3
Let c = -6720 - -16385. What is the hundreds digit of c?
6
What is the thousands digit of (-251658)/(-15) - (-26)/(-130)?
6
Let j be ((-2168)/12)/(-5 + (-232)/(-48)). Let a = j + 259. What is the thousands digit of a?
1
Let l = 1590 - 1594. Let u(i) = -3*i**2 + 6 + 7*i - 2*i**3 + 6*i**2 + i**3. What is the tens digit of u(l)?
9
Suppose -5*p - 10 = 0, -2*c + 2*p = -6 - 4. Let i = -132 - -129. What is the tens digit of (-1)/((i/c)/23)?
2
Let s(j) = 1400*j + 625. What is the tens digit of s(7)?
2
Suppose -b - 2 = -z, -z - 5*b = -19 - 7. Let l be 2 - -1*(z + -3). Suppose 0 = -5*u, -3*k - 4*u - 180 = -l*k. What is the tens digit of k?
9
Let i = 18561 + -7308. What is the units digit of i?
3
Let f(z) be the second derivative of z**4/4 + 29*z**3/3 + 6*z**2 - 32*z. What is the hundreds digit of f(-24)?
3
Let d = -248 + 17680. What is the thousands digit of d?
7
Suppose 0 = 12*d - 646 - 242. What is the tens digit of (52/5)/(d/555)?
7
Let v(w) = -20*w**2 - 14*w + 16. Let y(z) = 20*z**2 + 16*z - 17. Let q(x) = -7*v(x) - 6*y(x). What is the hundreds digit of q(-4)?
3
Let x = -4453 - -1910. Let d = x + 4151. What is the units digit of d?
8
Suppose -j + 5638 = j - 15918. What is the hundreds digit of j?
7
What is the hundreds digit of -2*(1/3*-2)/(1220/24406710)?
6
Let v(q) be the first derivative of -q**4/4 - 2*q**3 + q**2 - 20*q - 45. What is the tens digit of v(-10)?
6
Let l(x) be the third derivative of -11*x**4/24 - 4*x**3 + x**2. Suppose -3*k = 6 + 12. What is the units digit of l(k)?
2
Let f = 6 - 1. Suppose -4*c = f*c - 18. Let l(x) = 29*x - 3. What is the tens digit of l(c)?
5
Suppose 5*q - 1030 = -4*g + 9*g, -2*q = -5*g - 412. Suppose -q = -4*u + 74. Suppose 3*l = u + 284. What is the hundreds digit of l?
1
Let d(p) = -2*p**2 + 24*p - 8. Let z be d(13). Let m = 222 - z. What is the tens digit of m?
5
Let l(d) = -3*d**3 - d**2 + 3*d + 4. Let z be l(-1). Suppose -180 = -i - 4